{"id":59,"date":"2013-02-22T22:08:03","date_gmt":"2013-02-22T21:08:03","guid":{"rendered":"http:\/\/www.huelvaysusfotografos.com\/?page_id=59"},"modified":"2020-03-22T23:53:07","modified_gmt":"2020-03-22T22:53:07","slug":"quienes-somos-3","status":"publish","type":"page","link":"https:\/\/www.huelvaysusfotografos.com\/?page_id=59","title":{"rendered":"QUIENES SOMOS"},"content":{"rendered":"<p style=\"text-align: justify;\">La \u00abAsociaci\u00f3n Huelva y sus fot\u00f3grafos\u00bb es una asociaci\u00f3n sin \u00e1nimo de lucro. Todo empez\u00f3 a trav\u00e9s de la red social Flickr, donde se abri\u00f3 el Grupo \u00abHuelva y sus Fot\u00f3grafos\u00bb el 27 de Abril del 2008, poco a poco fuimos captando gente aficionada a la fotograf\u00eda y a trav\u00e9s de organizar quedadas y sobretodo el boca a boca por Huelva, fuimos subiendo tanto en n\u00fameros de compa\u00f1eros como en calidad de fotograf\u00edas. En Junio del a\u00f1o 2010, dimos el primer y gran paso como fu\u00e9 la 1\u00aa Exposici\u00f3n Colectiva del Grupo, en el local de \u00abLa Gota de Leche\u00bb de Huelva, en la que participamos 40\u00a0compa\u00f1eros, fu\u00e9 todo un gran \u00e9xito debido a la gran afluencia\u00a0de p\u00fablico que la visit\u00f3. Gracias a ese \u00e9xito que comentaba pudimos llevarla a Isla Cristina en el mes de Agosto y mostrarla en el teatro Horacio Noguera. Posteriormente hicimos un proyecto que presentamos a la Concejal\u00eda de Cultura del Ayuntamiento de Huelva, como fu\u00e9 hacer en un lugar p\u00fablico y al aire libre la Exposici\u00f3n \u00abUn dia en la Vida de Huelva\u00bb, nos lo aceptaron y nos facilitaron un sitio tan emblem\u00e1tico como es la Plaza de las Monjas, donde expusimos 45 compa\u00f1eros, expresando a trav\u00e9s de fotograf\u00edas como era\u00a0un d\u00eda en Huelva durante 24 horas. El \u00e9xito fi\u00e9 total, tanto por la gran afluencia de p\u00fablico que pasaron durante la semana que la tuvimos expuesta como por la calidad de la misma.<\/p>\n<p style=\"text-align: justify;\">A partir de este momento empezamos a pensar en\u00a0construir algo m\u00e1s serio y constituirnos con Asociaci\u00f3n, despu\u00e9s de darle muchas vueltas nos\u00a0reunimos\u00a0<span style=\"color: #141823;\" data-reactid=\".eh.1:3:1:$comment547678475352068_548950648558184:0.0.$right.0.$left.0.0.1:$comment-body.0.0\"><span data-reactid=\".eh.1:3:1:$comment547678475352068_548950648558184:0.0.$right.0.$left.0.0.1:$comment-body.0.0.$end:0:$0:0\">Cecilia Gilabert, Carmen L\u00f3pez, Marcos G\u00f3mez y Pedro J. Ruiz-Constantino\u00a0y comenzamos a \u00a0dar los pasos necesarios para constituirnos\u00a0en Asociaci\u00f3n, cosa que se hizo realidad e<\/span><\/span><span style=\"color: #141823;\" data-reactid=\".eh.1:3:1:$comment547678475352068_548950648558184:0.0.$right.0.$left.0.0.1:$comment-body.0.3\"><span data-reactid=\".eh.1:3:1:$comment547678475352068_548950648558184:0.0.$right.0.$left.0.0.1:$comment-body.0.3.0\"><span data-reactid=\".eh.1:3:1:$comment547678475352068_548950648558184:0.0.$right.0.$left.0.0.1:$comment-body.0.3.0.$end:0:$0:0\">n Mayo del 2012.\u00a0<\/span><\/span><\/span><\/p>\n<p>Tras asamblea celebrada el pasado 10 de febrero de 2020 se renov\u00f3 la Junta Directiva<\/p>\n<p>En la actualidad la Directiva est\u00e1 conformada por:<\/p>\n<ul>\n<li>Presidente:\u00a0 \u00a0 \u00a0 \u00a0 \u00a0 \u00a0 \u00a0 \u00a0 \u00a0 \u00a0 \u00a0 \u00a0 \u00a0Jos\u00e9 Luis Arizmendi Llanes<\/li>\n<li>Vicepresidenta:\u00a0 \u00a0 \u00a0 \u00a0 \u00a0 \u00a0 \u00a0 \u00a0 \u00a0Pilar Rodr\u00edguez Barranco<\/li>\n<li>Secretario:\u00a0 \u00a0 \u00a0 \u00a0 \u00a0 \u00a0 \u00a0 \u00a0 \u00a0 \u00a0 \u00a0 \u00a0 \u00a0 Jos\u00e9 Prieto Ramblado<\/li>\n<li>Tesorero:\u00a0 \u00a0 \u00a0 \u00a0 \u00a0 \u00a0 \u00a0 \u00a0 \u00a0 \u00a0 \u00a0 \u00a0 \u00a0 \u00a0 Doulfikar Mouatassim<\/li>\n<li>Vocales : \u00a0 \u00a0 \u00a0 \u00a0 \u00a0 \u00a0 \u00a0 \u00a0 \u00a0 \u00a0 \u00a0 \u00a0 \u00a0 \u00a0 Flor N\u00fa\u00f1ez y Cayetana Santana<\/li>\n<\/ul>\n<p style=\"text-align: justify;\">Una vez resueltos todos los tr\u00e1mites burocr\u00e1ticos en el mes de Mayo del 2012, nos pusimos en marcha y lo comunicamos a los compa\u00f1eros del Grupo \u00abHuelva y sus Fot\u00f3grafos\u00bb, los cuales poco a poco se fueron uniendo a la Asociaci\u00f3n. \u00a0En la actualidad somos 78 socios y seguimos creciendo, divulgando nuestras ideas tanto en las diferentes redes sociales Facebook, twitter &#8230;<\/p>\n<p style=\"text-align: justify;\">Dejamos aqu\u00ed muestra de las actividades realizadas en este tiempo:<\/p>\n<address><strong>ACTOS OFICIALES:<\/strong><br \/>\nPresentaci\u00f3n Oficial de la Asociaci\u00f3n \u00abHuelva y sus fot\u00f3grafos\u201d<br \/>\nCelebraci\u00f3n de los Aniversarios :1\u00ba, 2\u00ba, 3\u00ba (en el Centro Puerta del Atl\u00e1ntico), siendo la celebraci\u00f3n del 4\u00ba y 5\u00ba aniversario en el sal\u00f3n de Chimeneas de la Casa Col\u00f3n en Huelva. Para el 6\u00ba aniversario se celebr\u00f3 en el Palacio de Mora Claros.\u00a0<\/address>\n<address>\u00a0<\/address>\n<address><strong>EXPOSICIONES COLECTIVAS:<\/strong><br \/>\n2012-13. \u201cHuelva en la Retina\u201d, mostrada en Casa Col\u00f3n de Huelva, Centro de Visitantes \u201cHuelva, Puerta del Atl\u00e1ntico\u201d de Huelva y Centro Cultural- Sala Teatro de Punta Umbr\u00eda.<br \/>\n2013. \u00abUn c\u00e1lido susurro al o\u00eddo\u201d, mostrada en Sala de Exposiciones de Elena S. Balonga de Huelva y Santiam\u00e9n- Pub\u00a0de Lepe<br \/>\n2013-14. \u201cEl Retrato de una ciudad\u201d, mostrada en Casa Col\u00f3n de Huelva.<\/address>\n<address>2014. Cofrade y Solidaria, en colaboraci\u00f3n con la Hermandad del Calvario de Huelva<\/address>\n<address>2014-2015. \u00ab7 Pecados Capitales\u00bb, en Sala V\u00e1zquez D\u00edaz de la Casa Col\u00f3n de Huelva<\/address>\n<address>2015. \u00abSaca de Yeguas\u00bb en la Sala de Exposiciones del Centro de Visitantes \u00abHuelva, Puerta del Atl\u00e1ntico\u00bb, Huelva<\/address>\n<address>2015.\u00a0\u00abOto\u00f1o\u00bb en el Pub Santiam\u00e9n, Lepe<\/address>\n<address>2015. \u00abEl cerdo y cordero en el And\u00e9valo\u00bb, en la \u00abXI Feria Agroganadera del Cerdo Ib\u00e9rico y su industria\u00bb, en Villanueva de los Castillejos<\/address>\n<address>2015. \u00abTradiciones Marisme\u00f1as\u00bb, en el marco de las Fiestas Patronales de San Sebasti\u00e1n, Huelva<\/address>\n<address>2016. \u00abTres instantes\u00bb, en\u00a0Sala V\u00e1zquez D\u00edaz de la Casa Col\u00f3n de Huelva<\/address>\n<address>2016 \u00abVisiones Cruzadas\u00bb en la Sala de las Tinajas, Ayamonte. Y en la Sede de ANAFA-Tavira (Tavira)<\/address>\n<address>2016-2017. \u00ab7 Pecados Capitales\u00bb, en Centro Olontense de Arte Contempor\u00e1neo CODAC- Gibrale\u00f3n (Huelva)<\/address>\n<address>2017. \u00abMaternidad &amp; Paternidad\u00bb, en Sala Plus Ultra de Fundaci\u00f3n Cajasol Huelva y Pasteler\u00eda La Grosera (Huelva)<\/address>\n<address>2018: \u00abRetratos de una Ciudad II\u00bb, que tuvo lugar en la sala de Exposciones de la Caja Rural del Sur.<\/address>\n<address>2019: Exposici\u00f3n \u00abFotograf\u00eda de Calle \u00bb Blanco y Negro, en la Sala de exposiciones de la Caja Rural del Sur.<\/address>\n<address>2019: Exposici\u00f3n Semana Santa en Sala Ruben\u00b4s en Plaza de las Monjas<\/address>\n<address>\u00a0<\/address>\n<address><strong>DIFUSI\u00d3N:\u00a0<\/strong><\/address>\n<address>Creaci\u00f3n y dinamizaci\u00f3n de la web\u00a0www.huelvaysusfotogros.com<br \/>\nAdministraci\u00f3n y dinamizaci\u00f3n del grupo en Flickr \u201cHuelva y sus fot\u00f3grafos\u201d<br \/>\nCreaci\u00f3n y dinamizaci\u00f3n de varios grupos y p\u00e1gina en Facebook (Asociaci\u00f3n Huelva y sus fot\u00f3grafos, Huelva a trav\u00e9s de la fotograf\u00eda)<br \/>\nRealizaci\u00f3n de entrevistas televisivas para dar a conocer nuestras actividades<br \/>\nDise\u00f1o de carteler\u00eda y folletos publicitarios para las diferentes actividades\u2028<\/address>\n<address>Presentaci\u00f3n de la Asociaci\u00f3n al alumnado del Ciclo Formativo de Fotograf\u00eda de la Escuela de Artes Le\u00f3n Ortega de Huelva<\/address>\n<address>\u00a0<\/address>\n<address><strong>CONCURSOS:<\/strong><\/address>\n<address>Concursos mensuales en el grupo de Flickr \u00abHuelva y sus Fot\u00f3grafos\u00bb<\/address>\n<address>Colaboraci\u00f3n con la Concejal\u00eda de Turismo del Ayuntamiento de Huelva en los concursos mensuales \u201cHuelva a trav\u00e9s de la fotograf\u00eda\u201d (m\u00e1s de 24\u00a0ediciones)<\/address>\n<address>Colaboraci\u00f3n como miembros de los Jurados, de los concursos fotogr\u00e1ficos \u00abEncuadre\u00bb de la Fundaci\u00f3n Atl\u00e1ntic Cooper; \u00abFotograf\u00eda Cofrade\u00bb de Cope- Huelva, \u00abFeria Medieval\u00bb de Palos de la Frontera;\u00bbEl agua y la agricultura de la fresa\u00bb de la Comunidad de Regantes de Palos de la Frontera<\/address>\n<address>Colaboraci\u00f3n en la organizaci\u00f3n del Concurso Fotogr\u00e1fico Cofrade de Cadena Cope 2014<\/address>\n<address>Colaboraci\u00f3n con la Concejal\u00eda de Turismo del Ayuntamiento de Huelva en la Gu\u00eda de Semana Santa 2015 de Huelva.<\/address>\n<address>Concursos mensuales de Facebook durante los a\u00f1os 2018 y 2019<\/address>\n<address>Concurso Semana Santa 2020, con im\u00e1genes del 2018 y 2019<\/address>\n<address>\u00a0<\/address>\n<address><strong>FORMACI\u00d3N:<\/strong><br \/>\n-Organizaci\u00f3n del Seminario \u201cLa composici\u00f3n en fotograf\u00eda\u201d, desarrollado por el prestigioso fot\u00f3grafo de Naturaleza y maestro de la composici\u00f3n D. Jos\u00e9 Benito Ruiz<\/address>\n<address>-Taller de Iniciaci\u00f3n a la Fotograf\u00eda. Nivel 0, a cargo de Juana Mart\u00edn<br \/>\n-Organizaci\u00f3n y desarrollo de Tertulias Fotogr\u00e1ficas, los primeros jueves, en Huelva<\/address>\n<address>&#8211; Taller Fotograf\u00eda digital al estilo anal\u00f3gico, a cargo de C\u00e9sar Gil<\/address>\n<address>&#8211; Taller de Iniciaci\u00f3n a la Fotograf\u00eda, a cargo de C\u00e9sar Gil<\/address>\n<address>&#8211; Taller Redes Sociales en Internet, por Enrique Jerez<\/address>\n<address>&#8211; Taller Iniciaci\u00f3n a Ligthroom, por C\u00e9sar Gil<\/address>\n<address>&#8211; Taller de iniciaci\u00f3n de Instagram<\/address>\n<address>\u00a0<\/address>\n<address><strong>OTRAS ACTIVIDADES:<\/strong><\/address>\n<address>&#8211; Quedadas fotogr\u00e1ficas: Saca de las Yeguas en El Roc\u00edo- Almonte; M\u00e9rtola- Portugal; Fuegos Artificiales de Colombinas; Niebla; Ruta de los Molinos en Sotiel Coronada; Fiestas de San Isidro Labrador en Gibrale\u00f3n; Algarve, R\u00edo Tinto en Nerva-Minas de Riotinto, Tintillo, Valdelamusa, Minas de Tharsis, Minas de Herrer\u00edas, Tavira&#8230;<\/address>\n<address>-Fotea 2016- Huelva Rom\u00e1ntica. Casa Col\u00f3n Huelva. Encuentro de intercambio entre modelos y fot\u00f3grafos<\/address>\n<address>&#8211; Quedadas nocturnas: Perseidas en Cuesta Maneli; Estrellas en Mazag\u00f3n; Fuegos Artificiales Colombinas; D\u00f3lmenes del Pozuelo Zalamea<\/address>\n<address>&#8211; Organizaci\u00f3n y desarrollo\u00a0 con ANAFA-Tavira, ACAFA- Ayamonte y ALFA- Faro, de la\u00a0\u00abII Semana de la Fotograf\u00eda (2016) Algarve-Andaluc\u00eda\u00bb<\/address>\n<address>&#8211; Fotea 2017- Huelva Flamenca. Plaza de Toros de Huelva. Encuentro de intercambio entre modelos y fot\u00f3grafos<\/address>\n<address>-Fairsaturday 2017, se particip\u00f3 en la Plaza de las Mojas, bajo el lema \u00abhazte una foto antigua\u00bb.\u00a0<\/address>\n<address>-Diversas quedadas para realizar fotos en Bodegas del Condado, como Privilegio del Condado y Bodegas Iglesias.<\/address>\n<address>&#8211; Fotea 2018- Huelva Vaquera, en encuentro con Modelos y fot\u00f3grafos tuvo lugar en el Parque Moret.<\/address>\n<address>-Fairsaturday 2018, se particip\u00f3 en la Plaza de las Mojas, bajo el lema \u00abhazte una foto antigua\u00bb.\u00a0<\/address>\n<address>-Fotea 2019- Huelva a\u00f1os 2020, el encuentro entre Modelos y Fot\u00f3grafos tuvo lugar en el extraordinario Palacio de Mora Claros.<\/address>\n<address>\u00a0<\/address>\n<address><em><strong>COLABORACI\u00d3N CON OTRAS ENTIDADES:<\/strong><\/em><br \/>\n2013. Reportaje fotogr\u00e1fico en el Festival de Danzas de Villablanca<br \/>\n2013. Reportaje fotogr\u00e1fico de los actos de la Asociaci\u00f3n Cultural Amigos de Ochtrup, de Valverde del Camino<\/address>\n<address>2014. Quedada Canonistas a nivel nacional, Huelva<\/address>\n<address>2015. Exposici\u00f3n \u00abDiversidades\u00bb con la \u00abPeriferias, Plataforma de cultura y sociedad\u00bb<\/address>\n<address>\u00a0<\/address>\n<address><strong>PARTICIPACI\u00d3N EN ACTIVIDADES DE OTRAS ENTIDADES:<\/strong><br \/>\nPaseo Fotogr\u00e1fico por la Barriada de Canela, Ayamonte<br \/>\nPaseo de Villablanca<br \/>\nRally Fotogr\u00e1fico de Nerva<br \/>\nPaseo Fotogr\u00e1fico de Ayamonte<\/address>\n<address>Paseo Fotogr\u00e1fico al Parque Natural de Ria Formosa (Portugal)<\/address>\n<p style=\"text-align: justify;\">\n","protected":false},"excerpt":{"rendered":"<p>La \u00abAsociaci\u00f3n Huelva y sus fot\u00f3grafos\u00bb es una asociaci\u00f3n sin \u00e1nimo de lucro. Todo empez\u00f3 a trav\u00e9s de la red social Flickr, donde se abri\u00f3 el Grupo \u00abHuelva y sus Fot\u00f3grafos\u00bb el 27 de Abril del 2008, poco a poco fuimos captando gente aficionada a la fotograf\u00eda y a trav\u00e9s de organizar quedadas y sobretodo el boca a boca por Huelva, fuimos subiendo tanto en n\u00fameros de compa\u00f1eros como en<\/p>\n<div class=\"belowpost\"><a class=\"btnmore\" href=\"https:\/\/www.huelvaysusfotografos.com\/?page_id=59\">Seguir leyendo<\/a><\/div>\n","protected":false},"author":2,"featured_media":0,"parent":0,"menu_order":1,"comment_status":"closed","ping_status":"open","template":"","meta":{"footnotes":"","_links_to":"","_links_to_target":""},"class_list":["post-59","page","type-page","status-publish","hentry"],"_links":{"self":[{"href":"https:\/\/www.huelvaysusfotografos.com\/index.php?rest_route=\/wp\/v2\/pages\/59","targetHints":{"allow":["GET"]}}],"collection":[{"href":"https:\/\/www.huelvaysusfotografos.com\/index.php?rest_route=\/wp\/v2\/pages"}],"about":[{"href":"https:\/\/www.huelvaysusfotografos.com\/index.php?rest_route=\/wp\/v2\/types\/page"}],"author":[{"embeddable":true,"href":"https:\/\/www.huelvaysusfotografos.com\/index.php?rest_route=\/wp\/v2\/users\/2"}],"replies":[{"embeddable":true,"href":"https:\/\/www.huelvaysusfotografos.com\/index.php?rest_route=%2Fwp%2Fv2%2Fcomments&post=59"}],"version-history":[{"count":47,"href":"https:\/\/www.huelvaysusfotografos.com\/index.php?rest_route=\/wp\/v2\/pages\/59\/revisions"}],"predecessor-version":[{"id":5605,"href":"https:\/\/www.huelvaysusfotografos.com\/index.php?rest_route=\/wp\/v2\/pages\/59\/revisions\/5605"}],"wp:attachment":[{"href":"https:\/\/www.huelvaysusfotografos.com\/index.php?rest_route=%2Fwp%2Fv2%2Fmedia&parent=59"}],"curies":[{"name":"wp","href":"https:\/\/api.w.org\/{rel}","templated":true}]}}